{"id":256,"date":"2023-09-10T01:52:27","date_gmt":"2023-09-10T00:52:27","guid":{"rendered":"https:\/\/cantavanda.com\/malice-mizer\/?page_id=256"},"modified":"2026-04-11T22:05:16","modified_gmt":"2026-04-11T20:05:16","slug":"ma-cherie%ef%bd%9e%e6%84%9b%e3%81%97%e3%81%84%e5%90%9b%e3%81%b8%ef%bd%9e-single","status":"publish","type":"page","link":"https:\/\/cantavanda.com\/malice-mizer\/releases\/discography\/ma-cherie%ef%bd%9e%e6%84%9b%e3%81%97%e3%81%84%e5%90%9b%e3%81%b8%ef%bd%9e-single\/","title":{"rendered":"ma ch\u00e9rie\uff5e\u611b\u3057\u3044\u541b\u3078\uff5e &#8211; Single"},"content":{"rendered":"<p style=\"text-align: center;\">MALICE MIZER is a legendary Japanese visual-kei rock band that existed from August 1992 to December 2001.<br \/>\nOn this website, you can find a full release database of MALICE MIZER and the bands related to them.<br \/>\nOn these specific pages, you&#8217;ll find a discography listing the main audio releases.<\/p>\n<div class=\"row row-collapse align-middle\"  id=\"row-937045448\">\n\n\t<div id=\"col-1113404374\" class=\"col medium-4 small-6 large-4\"  >\n\t\t\t\t<div class=\"col-inner text-center\"  >\n\t\t\t\n\t<div class=\"is-border\"\n\t\tstyle=\"border-width:0px 0px 0px 0px;\">\n\t<\/div>\n\t\t\t\n<a href=\"https:\/\/cantavanda.com\/malice-mizer\/releases\/discography\/voyage-sans-retour-album\/\" class=\"button primary is-small lowercase\" style=\"border-radius:10px;\">\n\t<i class=\"icon-angle-left\" aria-hidden=\"true\"><\/i>\t<span>Previous Release<\/span>\n\t<\/a>\n\n\t\t<\/div>\n\t\t\t\t\t<\/div>\n\n\t\n\n\t<div id=\"col-954990000\" class=\"col hide-for-medium medium-4 small-6 large-4\"  >\n\t\t\t\t<div class=\"col-inner text-center\"  >\n\t\t\t\n\t\t\t\n\t<div class=\"img has-hover x md-x lg-x y md-y lg-y\" id=\"image_620586260\">\n\t\t\t\t\t\t\t\t<div class=\"img-inner dark\" >\n\t\t\t<img loading=\"lazy\" decoding=\"async\" width=\"768\" height=\"85\" src=\"https:\/\/cantavanda.com\/malice-mizer\/wp-content\/uploads\/sites\/4\/2025\/08\/Divider-Roses-1-768x85.png\" class=\"attachment-medium_large size-medium_large\" alt=\"\" srcset=\"https:\/\/cantavanda.com\/malice-mizer\/wp-content\/uploads\/sites\/4\/2025\/08\/Divider-Roses-1-768x85.png 768w, https:\/\/cantavanda.com\/malice-mizer\/wp-content\/uploads\/sites\/4\/2025\/08\/Divider-Roses-1-300x33.png 300w, https:\/\/cantavanda.com\/malice-mizer\/wp-content\/uploads\/sites\/4\/2025\/08\/Divider-Roses-1-1024x113.png 1024w, https:\/\/cantavanda.com\/malice-mizer\/wp-content\/uploads\/sites\/4\/2025\/08\/Divider-Roses-1-1536x170.png 1536w, https:\/\/cantavanda.com\/malice-mizer\/wp-content\/uploads\/sites\/4\/2025\/08\/Divider-Roses-1-510x56.png 510w, https:\/\/cantavanda.com\/malice-mizer\/wp-content\/uploads\/sites\/4\/2025\/08\/Divider-Roses-1.png 2048w\" sizes=\"auto, (max-width: 768px) 100vw, 768px\" \/>\t\t\t\t\t\t\n\t\t\t\t\t<\/div>\n\t\t\t\t\t\t\t\t\n<style>\n#image_620586260 {\n  width: 100%;\n}\n<\/style>\n\t<\/div>\n\t\n\t\t<\/div>\n\t\t\t\t\t<\/div>\n\n\t\n\n\t<div id=\"col-1443745920\" class=\"col medium-4 small-6 large-4\"  >\n\t\t\t\t<div class=\"col-inner text-center\"  >\n\t\t\t\n\t\t\t\n<a href=\"https:\/\/cantavanda.com\/malice-mizer\/releases\/discography\/%e3%83%b4%e3%82%a7%e3%83%ab%e3%83%bb%e3%82%a8%e3%83%bc%e3%83%ab%ef%bd%9e%e7%a9%ba%e7%99%bd%e3%81%ae%e7%9e%ac%e9%96%93%e3%81%ae%e4%b8%ad%e3%81%a7%ef%bd%9e-bel-air-kuuhaku-no-toki-no-naka-de-single\/\" class=\"button primary is-small lowercase\" style=\"border-radius:10px;\">\n\t\t<span>Next Release<\/span>\n\t<i class=\"icon-angle-right\" aria-hidden=\"true\"><\/i><\/a>\n\n\t\t<\/div>\n\t\t\t\t\t<\/div>\n\n\t\n<\/div>\n<div class=\"container section-title-container\" ><h2 class=\"section-title section-title-center\"><b aria-hidden=\"true\"><\/b><span class=\"section-title-main\" style=\"font-size:67%;\">Information<\/span><b aria-hidden=\"true\"><\/b><\/h2><\/div>\n<p style=\"text-align: center;\">MALICE MIZER&#8217;s 2nd single, containing one song, one piano composition, and the instrumental of the song.<\/p>\n<p style=\"text-align: center;\">It released at the time of the inauguration of the fan club &#8220;ma ch\u00e9rie&#8221; to commemorate the 1st anniversary of the new MALICE MIZER with Gackt.<\/p>\n<p style=\"text-align: center;\">The song was already performed live during the Tetsu era, and the lyrics were orginally written by him. But for the reason mentioned above, the lyrics were rewritten by Gackt, and the music was rearranged and refined.<\/p>\n<p style=\"text-align: center;\">Both the main song and the piano piece did not appear on any other releases in MALICE MIZER&#8217;s main audio discography, but both songs did appear in the videography, as live videos. Also, the main song appeared in the &#8220;best of&#8221; compilation album &#8220;La meilleur selection de MALICE MIZER&#8221; in 2006.<\/p>\n<p style=\"text-align: center;\">The main song, &#8220;ma ch\u00e9rie\uff5e\u611b\u3057\u3044\u541b\u3078\uff5e&#8221; is the only MALICE MIZER song where there are recordings available of all three vocalists singing the song; Tetsu&#8217;s live versions in 1994 as bootleg (unofficial) recordings, Gackt&#8217;s version on this CD and on a live DVD, and Klaha&#8217;s live version on the &#8220;Soci\u00e9t\u00e9 de Parent\u00e9&#8221; VHS.<\/p>\n<p style=\"text-align: center;\">This is also their final self-produced release before getting signed to a major record label. It&#8217;s beyond impressive what they were able to do as an independent band, but the impressive sales of this single showed that it was about time that MALICE MIZER got the budget and funding of a major label&#8230;<\/p>\n<p style=\"text-align: center;\">&#8220;Ma ch\u00e9rie&#8221; is French for &#8220;My darling&#8221;.<\/p>\n<div class=\"container section-title-container\" ><h2 class=\"section-title section-title-center\"><b aria-hidden=\"true\"><\/b><span class=\"section-title-main\" style=\"font-size:67%;\">All Versions<\/span><b aria-hidden=\"true\"><\/b><\/h2><\/div>\n\n\t<section class=\"section has-hover\" id=\"section_546812192\">\n\t\t<div class=\"section-bg fill\" >\n\t\t\t\t\t\t\t\t\t\n\t\t\t\n\t<div class=\"is-border is-dotted hover-blur\"\n\t\tstyle=\"border-color:rgb(255, 101, 101);border-radius:19px;border-width:0px 0px 0px 0px;\">\n\t<\/div>\n\n\t\t<\/div>\n\n\t\t\n\n\t\t<div class=\"section-content relative\">\n\t\t\t\n<div class=\"row row-large align-middle align-center\"  id=\"row-812832809\">\n\n\t<div id=\"col-136025138\" class=\"col medium-4 small-12 large-4\"  >\n\t\t\t\t<div class=\"col-inner text-left box-shadow-2 box-shadow-5-hover\" style=\"background-color:rgb(255, 255, 255);\" >\n\t\t\t\n\t\t\t\n\t<div class=\"img has-hover x md-x lg-x y md-y lg-y\" id=\"image_608525702\">\n\t\t\t\t\t\t\t\t<div class=\"img-inner dark\" >\n\t\t\t<img loading=\"lazy\" decoding=\"async\" width=\"300\" height=\"300\" src=\"https:\/\/cantavanda.com\/malice-mizer\/wp-content\/uploads\/sites\/4\/2023\/09\/Cover-1996.10.10-ma-cherie\uff5e\u611b\u3057\u3044\u541b\u3078\uff5e-Single-M-N-004-300x300.jpg\" class=\"attachment-medium size-medium\" alt=\"\" srcset=\"https:\/\/cantavanda.com\/malice-mizer\/wp-content\/uploads\/sites\/4\/2023\/09\/Cover-1996.10.10-ma-cherie\uff5e\u611b\u3057\u3044\u541b\u3078\uff5e-Single-M-N-004-300x300.jpg 300w, https:\/\/cantavanda.com\/malice-mizer\/wp-content\/uploads\/sites\/4\/2023\/09\/Cover-1996.10.10-ma-cherie\uff5e\u611b\u3057\u3044\u541b\u3078\uff5e-Single-M-N-004-150x150.jpg 150w, https:\/\/cantavanda.com\/malice-mizer\/wp-content\/uploads\/sites\/4\/2023\/09\/Cover-1996.10.10-ma-cherie\uff5e\u611b\u3057\u3044\u541b\u3078\uff5e-Single-M-N-004-250x250.jpg 250w, https:\/\/cantavanda.com\/malice-mizer\/wp-content\/uploads\/sites\/4\/2023\/09\/Cover-1996.10.10-ma-cherie\uff5e\u611b\u3057\u3044\u541b\u3078\uff5e-Single-M-N-004-125x125.jpg 125w, https:\/\/cantavanda.com\/malice-mizer\/wp-content\/uploads\/sites\/4\/2023\/09\/Cover-1996.10.10-ma-cherie\uff5e\u611b\u3057\u3044\u541b\u3078\uff5e-Single-M-N-004-110x110.jpg 110w, https:\/\/cantavanda.com\/malice-mizer\/wp-content\/uploads\/sites\/4\/2023\/09\/Cover-1996.10.10-ma-cherie\uff5e\u611b\u3057\u3044\u541b\u3078\uff5e-Single-M-N-004-420x420.jpg 420w, https:\/\/cantavanda.com\/malice-mizer\/wp-content\/uploads\/sites\/4\/2023\/09\/Cover-1996.10.10-ma-cherie\uff5e\u611b\u3057\u3044\u541b\u3078\uff5e-Single-M-N-004-430x430.jpg 430w, https:\/\/cantavanda.com\/malice-mizer\/wp-content\/uploads\/sites\/4\/2023\/09\/Cover-1996.10.10-ma-cherie\uff5e\u611b\u3057\u3044\u541b\u3078\uff5e-Single-M-N-004.jpg 702w\" sizes=\"auto, (max-width: 300px) 100vw, 300px\" \/>\t\t\t\t\t\t\n\t\t\t\t\t<\/div>\n\t\t\t\t\t\t\t\t\n<style>\n#image_608525702 {\n  width: 100%;\n}\n<\/style>\n\t<\/div>\n\t\n\t\t<\/div>\n\t\t\t\t\n<style>\n#col-136025138 > .col-inner {\n  padding: 15px 15px 15px 15px;\n}\n<\/style>\n\t<\/div>\n\n\t\n\n\t<div id=\"col-1042481755\" class=\"col medium-6 small-12 large-6\"  >\n\t\t\t\t<div class=\"col-inner text-center\"  >\n\t\t\t\n\t\t\t\n<p style=\"text-align: center;\">Title: ma ch\u00e9rie\uff5e\u611b\u3057\u3044\u541b\u3078\uff5e<br \/>Romanised: ma ch\u00e9rie~Itoshii Kimi e~<br \/>Type: Single<br \/>Release Date: 1996\/10\/10<br \/>Catalog Number: M:N-004<br \/>Label: Midi:Nette<\/p>\n\t\t<\/div>\n\t\t\t\t\t<\/div>\n\n\t\n<\/div>\n<div class=\"row row-large align-middle align-center\"  id=\"row-1833657909\">\n\n\t<div id=\"col-1336564865\" class=\"col medium-9 small-12 large-9\"  >\n\t\t\t\t<div class=\"col-inner text-center box-shadow-2 box-shadow-5-hover text-shadow-1\" style=\"background-color:rgb(255, 204, 204);\" >\n\t\t\t\n\t\t\t\n<p style=\"text-align: center;\">CD is placed inside of a sturdy, yellow, book-style case with plenty of full-colour photographs of the all band members.<\/p>\n\t\t<\/div>\n\t\t\t\t\n<style>\n#col-1336564865 > .col-inner {\n  padding: 15px 15px 15px 15px;\n}\n<\/style>\n\t<\/div>\n\n\t\n\n\t<div id=\"col-2044597262\" class=\"col medium-3 small-12 large-3\"  >\n\t\t\t\t<div class=\"col-inner text-center\"  >\n\t\t\t\n\t\t\t\n<a href=\"https:\/\/cantavanda.com\/malice-mizer\/scans\/discography\/gallery\/ma-cherie%ef%bd%9e%e6%84%9b%e3%81%97%e3%81%84%e5%90%9b%e3%81%b8%ef%bd%9e-single-mn-004\/\" class=\"button primary is-shade box-shadow-3 box-shadow-1-hover\" style=\"border-radius:5px;\">\n\t\t<span>View Scans<\/span>\n\t<\/a>\n\n\t\t<\/div>\n\t\t\t\t\t<\/div>\n\n\t\n<\/div>\n\t\t<\/div>\n\n\t\t\n<style>\n#section_546812192 {\n  padding-top: 10px;\n  padding-bottom: 10px;\n  min-height: 20px;\n  background-color: rgb(231, 239, 255);\n}\n<\/style>\n\t<\/section>\n\t\n<div class=\"text-center\"><div class=\"is-divider divider clearfix\" ><\/div><\/div>\n<div class=\"container section-title-container\" ><h2 class=\"section-title section-title-center\"><b aria-hidden=\"true\"><\/b><span class=\"section-title-main\" style=\"font-size:67%;\">Tracklist<\/span><b aria-hidden=\"true\"><\/b><\/h2><\/div>\n\n<div id=\"footable_parent_2212\"\n         class=\" footable_parent ninja_table_wrapper loading_ninja_table wp_table_data_press_parent semantic_ui \">\n                <table data-ninja_table_instance=\"ninja_table_instance_0\" data-footable_id=\"2212\" data-filter-delay=\"1000\" aria-label=\"ma ch\u00e9rie\uff5e\u611b\u3057\u3044\u541b\u3078\uff5e - Single\"            id=\"footable_2212\"\n           data-unique_identifier=\"ninja_table_unique_id_3449942548_2212\"\n           class=\" foo-table ninja_footable foo_table_2212 ninja_table_unique_id_3449942548_2212 ui table  ninja_search_right nt_type_ajax_table selectable celled striped compact vertical_centered  footable-paging-right ninja_table_search_disabled\">\n                <colgroup>\n                            <col class=\"ninja_column_0 \">\n                            <col class=\"ninja_column_1 \">\n                            <col class=\"ninja_column_2 \">\n                            <col class=\"ninja_column_3 \">\n                            <col class=\"ninja_column_4 \">\n                            <col class=\"ninja_column_5 \">\n                    <\/colgroup>\n            <\/table>\n    \n    \n    \n<\/div>\n\n\n<div class=\"text-center\"><div class=\"is-divider divider clearfix\" ><\/div><\/div>\n\n  <div class=\"banner has-hover bg-zoom bg-zoom\" id=\"banner-480087605\">\n          <div class=\"banner-inner fill\">\n        <div class=\"banner-bg fill\" >\n            <img loading=\"lazy\" decoding=\"async\" width=\"695\" height=\"695\" src=\"https:\/\/cantavanda.com\/malice-mizer\/wp-content\/uploads\/sites\/4\/2023\/10\/Cover-1998.03.18-merveilles-Jewel-Case-Version-Album-COCA-14866.jpg\" class=\"bg attachment-large size-large\" alt=\"\" \/>                                    \n            <div class=\"effect-sparkle bg-effect fill no-click\"><\/div>        <\/div>\n\t\t\n        <div class=\"banner-layers container\">\n            <a class=\"fill\" href=\"https:\/\/cantavanda.com\/malice-mizer\/releases\/discography\/\"><div class=\"fill banner-link\"><\/div><\/a>            \n   <div id=\"text-box-903147824\" class=\"text-box banner-layer x50 md-x50 lg-x50 y50 md-y50 lg-y50 res-text\">\n                                <div class=\"text-box-content text dark\">\n              \n              <div class=\"text-inner text-center\">\n                  \n<a href=\"https:\/\/cantavanda.com\/malice-mizer\/releases\/discography\/\" class=\"button primary is-gloss lowercase expand\" style=\"border-radius:10px;\">\n\t\t<span>Back To Full Discography!<\/span>\n\t<\/a>\n\n              <\/div>\n           <\/div>\n                            \n<style>\n#text-box-903147824 {\n  width: 60%;\n}\n#text-box-903147824 .text-box-content {\n  font-size: 100%;\n}\n<\/style>\n    <\/div>\n \n        <\/div>\n      <\/div>\n\n            \n<style>\n#banner-480087605 {\n  padding-top: 100px;\n}\n<\/style>\n  <\/div>\n\n\n","protected":false},"excerpt":{"rendered":"<p>MALICE MIZER is a legendary Japanese visual-kei rock band that existed from August 1992 to December 2001. On this website, you can find a full release database of MALICE MIZER and the bands related to them. On these specific pages, you&#8217;ll find a discography listing the main audio releases. MALICE MIZER&#8217;s 2nd single, containing one [&#8230;]\n","protected":false},"author":1,"featured_media":263,"parent":188,"menu_order":8,"comment_status":"closed","ping_status":"closed","template":"","meta":{"ngg_post_thumbnail":0,"footnotes":""},"class_list":["post-256","page","type-page","status-publish","has-post-thumbnail","hentry"],"acf":[],"yoast_head":"<!-- This site is optimized with the Yoast SEO plugin v25.2 - https:\/\/yoast.com\/wordpress\/plugins\/seo\/ -->\n<title>ma ch\u00e9rie\uff5e\u611b\u3057\u3044\u541b\u3078\uff5e - Single - MALICE MIZER<\/title>\n<meta name=\"robots\" content=\"index, follow, max-snippet:-1, max-image-preview:large, max-video-preview:-1\" \/>\n<link rel=\"canonical\" href=\"https:\/\/cantavanda.com\/malice-mizer\/releases\/discography\/ma-cherie\uff5e\u611b\u3057\u3044\u541b\u3078\uff5e-single\/\" \/>\n<meta property=\"og:locale\" content=\"en_GB\" \/>\n<meta property=\"og:type\" content=\"article\" \/>\n<meta property=\"og:title\" content=\"ma ch\u00e9rie\uff5e\u611b\u3057\u3044\u541b\u3078\uff5e - Single - MALICE MIZER\" \/>\n<meta property=\"og:description\" content=\"MALICE MIZER is a legendary Japanese visual-kei rock band that existed from August 1992 to December 2001. On this website, you can find a full release database of MALICE MIZER and the bands related to them. On these specific pages, you&#8217;ll find a discography listing the main audio releases. MALICE MIZER&#8217;s 2nd single, containing one [...]\" \/>\n<meta property=\"og:url\" content=\"https:\/\/cantavanda.com\/malice-mizer\/releases\/discography\/ma-cherie\uff5e\u611b\u3057\u3044\u541b\u3078\uff5e-single\/\" \/>\n<meta property=\"og:site_name\" content=\"MALICE MIZER\" \/>\n<meta property=\"article:modified_time\" content=\"2026-04-11T20:05:16+00:00\" \/>\n<meta property=\"og:image\" content=\"https:\/\/cantavanda.com\/malice-mizer\/wp-content\/uploads\/sites\/4\/2023\/09\/Cover-1996.10.10-ma-cherie\uff5e\u611b\u3057\u3044\u541b\u3078\uff5e-Single-M-N-004.jpg\" \/>\n\t<meta property=\"og:image:width\" content=\"702\" \/>\n\t<meta property=\"og:image:height\" content=\"702\" \/>\n\t<meta property=\"og:image:type\" content=\"image\/jpeg\" \/>\n<meta name=\"twitter:card\" content=\"summary_large_image\" \/>\n<script type=\"application\/ld+json\" class=\"yoast-schema-graph\">{\"@context\":\"https:\/\/schema.org\",\"@graph\":[{\"@type\":\"WebPage\",\"@id\":\"https:\/\/cantavanda.com\/malice-mizer\/releases\/discography\/ma-cherie%ef%bd%9e%e6%84%9b%e3%81%97%e3%81%84%e5%90%9b%e3%81%b8%ef%bd%9e-single\/\",\"url\":\"https:\/\/cantavanda.com\/malice-mizer\/releases\/discography\/ma-cherie%ef%bd%9e%e6%84%9b%e3%81%97%e3%81%84%e5%90%9b%e3%81%b8%ef%bd%9e-single\/\",\"name\":\"ma ch\u00e9rie\uff5e\u611b\u3057\u3044\u541b\u3078\uff5e - Single - MALICE MIZER\",\"isPartOf\":{\"@id\":\"https:\/\/cantavanda.com\/malice-mizer\/#website\"},\"primaryImageOfPage\":{\"@id\":\"https:\/\/cantavanda.com\/malice-mizer\/releases\/discography\/ma-cherie%ef%bd%9e%e6%84%9b%e3%81%97%e3%81%84%e5%90%9b%e3%81%b8%ef%bd%9e-single\/#primaryimage\"},\"image\":{\"@id\":\"https:\/\/cantavanda.com\/malice-mizer\/releases\/discography\/ma-cherie%ef%bd%9e%e6%84%9b%e3%81%97%e3%81%84%e5%90%9b%e3%81%b8%ef%bd%9e-single\/#primaryimage\"},\"thumbnailUrl\":\"https:\/\/cantavanda.com\/malice-mizer\/wp-content\/uploads\/sites\/4\/2023\/09\/Cover-1996.10.10-ma-cherie\uff5e\u611b\u3057\u3044\u541b\u3078\uff5e-Single-M-N-004.jpg\",\"datePublished\":\"2023-09-10T00:52:27+00:00\",\"dateModified\":\"2026-04-11T20:05:16+00:00\",\"breadcrumb\":{\"@id\":\"https:\/\/cantavanda.com\/malice-mizer\/releases\/discography\/ma-cherie%ef%bd%9e%e6%84%9b%e3%81%97%e3%81%84%e5%90%9b%e3%81%b8%ef%bd%9e-single\/#breadcrumb\"},\"inLanguage\":\"en-GB\",\"potentialAction\":[{\"@type\":\"ReadAction\",\"target\":[\"https:\/\/cantavanda.com\/malice-mizer\/releases\/discography\/ma-cherie%ef%bd%9e%e6%84%9b%e3%81%97%e3%81%84%e5%90%9b%e3%81%b8%ef%bd%9e-single\/\"]}]},{\"@type\":\"ImageObject\",\"inLanguage\":\"en-GB\",\"@id\":\"https:\/\/cantavanda.com\/malice-mizer\/releases\/discography\/ma-cherie%ef%bd%9e%e6%84%9b%e3%81%97%e3%81%84%e5%90%9b%e3%81%b8%ef%bd%9e-single\/#primaryimage\",\"url\":\"https:\/\/cantavanda.com\/malice-mizer\/wp-content\/uploads\/sites\/4\/2023\/09\/Cover-1996.10.10-ma-cherie\uff5e\u611b\u3057\u3044\u541b\u3078\uff5e-Single-M-N-004.jpg\",\"contentUrl\":\"https:\/\/cantavanda.com\/malice-mizer\/wp-content\/uploads\/sites\/4\/2023\/09\/Cover-1996.10.10-ma-cherie\uff5e\u611b\u3057\u3044\u541b\u3078\uff5e-Single-M-N-004.jpg\",\"width\":702,\"height\":702},{\"@type\":\"BreadcrumbList\",\"@id\":\"https:\/\/cantavanda.com\/malice-mizer\/releases\/discography\/ma-cherie%ef%bd%9e%e6%84%9b%e3%81%97%e3%81%84%e5%90%9b%e3%81%b8%ef%bd%9e-single\/#breadcrumb\",\"itemListElement\":[{\"@type\":\"ListItem\",\"position\":1,\"name\":\"Home\",\"item\":\"https:\/\/cantavanda.com\/malice-mizer\/\"},{\"@type\":\"ListItem\",\"position\":2,\"name\":\"Releases\",\"item\":\"https:\/\/cantavanda.com\/malice-mizer\/releases\/\"},{\"@type\":\"ListItem\",\"position\":3,\"name\":\"MALICE MIZER Discography\",\"item\":\"https:\/\/cantavanda.com\/malice-mizer\/releases\/discography\/\"},{\"@type\":\"ListItem\",\"position\":4,\"name\":\"ma ch\u00e9rie\uff5e\u611b\u3057\u3044\u541b\u3078\uff5e &#8211; Single\"}]},{\"@type\":\"WebSite\",\"@id\":\"https:\/\/cantavanda.com\/malice-mizer\/#website\",\"url\":\"https:\/\/cantavanda.com\/malice-mizer\/\",\"name\":\"MALICE MIZER\",\"description\":\"MALICE MIZER Fansite &amp; Archive\",\"publisher\":{\"@id\":\"https:\/\/cantavanda.com\/malice-mizer\/#\/schema\/person\/1b48e3314ccdab395471154acd9c0479\"},\"potentialAction\":[{\"@type\":\"SearchAction\",\"target\":{\"@type\":\"EntryPoint\",\"urlTemplate\":\"https:\/\/cantavanda.com\/malice-mizer\/?s={search_term_string}\"},\"query-input\":{\"@type\":\"PropertyValueSpecification\",\"valueRequired\":true,\"valueName\":\"search_term_string\"}}],\"inLanguage\":\"en-GB\"},{\"@type\":[\"Person\",\"Organization\"],\"@id\":\"https:\/\/cantavanda.com\/malice-mizer\/#\/schema\/person\/1b48e3314ccdab395471154acd9c0479\",\"name\":\"Cantavanda\",\"image\":{\"@type\":\"ImageObject\",\"inLanguage\":\"en-GB\",\"@id\":\"https:\/\/cantavanda.com\/malice-mizer\/#\/schema\/person\/image\/\",\"url\":\"https:\/\/cantavanda.com\/malice-mizer\/wp-content\/uploads\/sites\/4\/2021\/11\/LogoSmall-2.png\",\"contentUrl\":\"https:\/\/cantavanda.com\/malice-mizer\/wp-content\/uploads\/sites\/4\/2021\/11\/LogoSmall-2.png\",\"width\":1004,\"height\":153,\"caption\":\"Cantavanda\"},\"logo\":{\"@id\":\"https:\/\/cantavanda.com\/malice-mizer\/#\/schema\/person\/image\/\"}}]}<\/script>\n<!-- \/ Yoast SEO plugin. -->","yoast_head_json":{"title":"ma ch\u00e9rie\uff5e\u611b\u3057\u3044\u541b\u3078\uff5e - Single - MALICE MIZER","robots":{"index":"index","follow":"follow","max-snippet":"max-snippet:-1","max-image-preview":"max-image-preview:large","max-video-preview":"max-video-preview:-1"},"canonical":"https:\/\/cantavanda.com\/malice-mizer\/releases\/discography\/ma-cherie\uff5e\u611b\u3057\u3044\u541b\u3078\uff5e-single\/","og_locale":"en_GB","og_type":"article","og_title":"ma ch\u00e9rie\uff5e\u611b\u3057\u3044\u541b\u3078\uff5e - Single - MALICE MIZER","og_description":"MALICE MIZER is a legendary Japanese visual-kei rock band that existed from August 1992 to December 2001. On this website, you can find a full release database of MALICE MIZER and the bands related to them. On these specific pages, you&#8217;ll find a discography listing the main audio releases. MALICE MIZER&#8217;s 2nd single, containing one [...]","og_url":"https:\/\/cantavanda.com\/malice-mizer\/releases\/discography\/ma-cherie\uff5e\u611b\u3057\u3044\u541b\u3078\uff5e-single\/","og_site_name":"MALICE MIZER","article_modified_time":"2026-04-11T20:05:16+00:00","og_image":[{"width":702,"height":702,"url":"https:\/\/cantavanda.com\/malice-mizer\/wp-content\/uploads\/sites\/4\/2023\/09\/Cover-1996.10.10-ma-cherie\uff5e\u611b\u3057\u3044\u541b\u3078\uff5e-Single-M-N-004.jpg","type":"image\/jpeg"}],"twitter_card":"summary_large_image","schema":{"@context":"https:\/\/schema.org","@graph":[{"@type":"WebPage","@id":"https:\/\/cantavanda.com\/malice-mizer\/releases\/discography\/ma-cherie%ef%bd%9e%e6%84%9b%e3%81%97%e3%81%84%e5%90%9b%e3%81%b8%ef%bd%9e-single\/","url":"https:\/\/cantavanda.com\/malice-mizer\/releases\/discography\/ma-cherie%ef%bd%9e%e6%84%9b%e3%81%97%e3%81%84%e5%90%9b%e3%81%b8%ef%bd%9e-single\/","name":"ma ch\u00e9rie\uff5e\u611b\u3057\u3044\u541b\u3078\uff5e - Single - MALICE MIZER","isPartOf":{"@id":"https:\/\/cantavanda.com\/malice-mizer\/#website"},"primaryImageOfPage":{"@id":"https:\/\/cantavanda.com\/malice-mizer\/releases\/discography\/ma-cherie%ef%bd%9e%e6%84%9b%e3%81%97%e3%81%84%e5%90%9b%e3%81%b8%ef%bd%9e-single\/#primaryimage"},"image":{"@id":"https:\/\/cantavanda.com\/malice-mizer\/releases\/discography\/ma-cherie%ef%bd%9e%e6%84%9b%e3%81%97%e3%81%84%e5%90%9b%e3%81%b8%ef%bd%9e-single\/#primaryimage"},"thumbnailUrl":"https:\/\/cantavanda.com\/malice-mizer\/wp-content\/uploads\/sites\/4\/2023\/09\/Cover-1996.10.10-ma-cherie\uff5e\u611b\u3057\u3044\u541b\u3078\uff5e-Single-M-N-004.jpg","datePublished":"2023-09-10T00:52:27+00:00","dateModified":"2026-04-11T20:05:16+00:00","breadcrumb":{"@id":"https:\/\/cantavanda.com\/malice-mizer\/releases\/discography\/ma-cherie%ef%bd%9e%e6%84%9b%e3%81%97%e3%81%84%e5%90%9b%e3%81%b8%ef%bd%9e-single\/#breadcrumb"},"inLanguage":"en-GB","potentialAction":[{"@type":"ReadAction","target":["https:\/\/cantavanda.com\/malice-mizer\/releases\/discography\/ma-cherie%ef%bd%9e%e6%84%9b%e3%81%97%e3%81%84%e5%90%9b%e3%81%b8%ef%bd%9e-single\/"]}]},{"@type":"ImageObject","inLanguage":"en-GB","@id":"https:\/\/cantavanda.com\/malice-mizer\/releases\/discography\/ma-cherie%ef%bd%9e%e6%84%9b%e3%81%97%e3%81%84%e5%90%9b%e3%81%b8%ef%bd%9e-single\/#primaryimage","url":"https:\/\/cantavanda.com\/malice-mizer\/wp-content\/uploads\/sites\/4\/2023\/09\/Cover-1996.10.10-ma-cherie\uff5e\u611b\u3057\u3044\u541b\u3078\uff5e-Single-M-N-004.jpg","contentUrl":"https:\/\/cantavanda.com\/malice-mizer\/wp-content\/uploads\/sites\/4\/2023\/09\/Cover-1996.10.10-ma-cherie\uff5e\u611b\u3057\u3044\u541b\u3078\uff5e-Single-M-N-004.jpg","width":702,"height":702},{"@type":"BreadcrumbList","@id":"https:\/\/cantavanda.com\/malice-mizer\/releases\/discography\/ma-cherie%ef%bd%9e%e6%84%9b%e3%81%97%e3%81%84%e5%90%9b%e3%81%b8%ef%bd%9e-single\/#breadcrumb","itemListElement":[{"@type":"ListItem","position":1,"name":"Home","item":"https:\/\/cantavanda.com\/malice-mizer\/"},{"@type":"ListItem","position":2,"name":"Releases","item":"https:\/\/cantavanda.com\/malice-mizer\/releases\/"},{"@type":"ListItem","position":3,"name":"MALICE MIZER Discography","item":"https:\/\/cantavanda.com\/malice-mizer\/releases\/discography\/"},{"@type":"ListItem","position":4,"name":"ma ch\u00e9rie\uff5e\u611b\u3057\u3044\u541b\u3078\uff5e &#8211; Single"}]},{"@type":"WebSite","@id":"https:\/\/cantavanda.com\/malice-mizer\/#website","url":"https:\/\/cantavanda.com\/malice-mizer\/","name":"MALICE MIZER","description":"MALICE MIZER Fansite &amp; Archive","publisher":{"@id":"https:\/\/cantavanda.com\/malice-mizer\/#\/schema\/person\/1b48e3314ccdab395471154acd9c0479"},"potentialAction":[{"@type":"SearchAction","target":{"@type":"EntryPoint","urlTemplate":"https:\/\/cantavanda.com\/malice-mizer\/?s={search_term_string}"},"query-input":{"@type":"PropertyValueSpecification","valueRequired":true,"valueName":"search_term_string"}}],"inLanguage":"en-GB"},{"@type":["Person","Organization"],"@id":"https:\/\/cantavanda.com\/malice-mizer\/#\/schema\/person\/1b48e3314ccdab395471154acd9c0479","name":"Cantavanda","image":{"@type":"ImageObject","inLanguage":"en-GB","@id":"https:\/\/cantavanda.com\/malice-mizer\/#\/schema\/person\/image\/","url":"https:\/\/cantavanda.com\/malice-mizer\/wp-content\/uploads\/sites\/4\/2021\/11\/LogoSmall-2.png","contentUrl":"https:\/\/cantavanda.com\/malice-mizer\/wp-content\/uploads\/sites\/4\/2021\/11\/LogoSmall-2.png","width":1004,"height":153,"caption":"Cantavanda"},"logo":{"@id":"https:\/\/cantavanda.com\/malice-mizer\/#\/schema\/person\/image\/"}}]}},"_links":{"self":[{"href":"https:\/\/cantavanda.com\/malice-mizer\/wp-json\/wp\/v2\/pages\/256","targetHints":{"allow":["GET"]}}],"collection":[{"href":"https:\/\/cantavanda.com\/malice-mizer\/wp-json\/wp\/v2\/pages"}],"about":[{"href":"https:\/\/cantavanda.com\/malice-mizer\/wp-json\/wp\/v2\/types\/page"}],"author":[{"embeddable":true,"href":"https:\/\/cantavanda.com\/malice-mizer\/wp-json\/wp\/v2\/users\/1"}],"replies":[{"embeddable":true,"href":"https:\/\/cantavanda.com\/malice-mizer\/wp-json\/wp\/v2\/comments?post=256"}],"version-history":[{"count":16,"href":"https:\/\/cantavanda.com\/malice-mizer\/wp-json\/wp\/v2\/pages\/256\/revisions"}],"predecessor-version":[{"id":2214,"href":"https:\/\/cantavanda.com\/malice-mizer\/wp-json\/wp\/v2\/pages\/256\/revisions\/2214"}],"up":[{"embeddable":true,"href":"https:\/\/cantavanda.com\/malice-mizer\/wp-json\/wp\/v2\/pages\/188"}],"wp:featuredmedia":[{"embeddable":true,"href":"https:\/\/cantavanda.com\/malice-mizer\/wp-json\/wp\/v2\/media\/263"}],"wp:attachment":[{"href":"https:\/\/cantavanda.com\/malice-mizer\/wp-json\/wp\/v2\/media?parent=256"}],"curies":[{"name":"wp","href":"https:\/\/api.w.org\/{rel}","templated":true}]}}